*w. Calculate the highest common factor of m and 7787.
13
Let b be (-4)/16 - (-17)/4. Let x be 14/b + (-21)/14. Suppose -3*g + 53 = 3*v - x*v, 11 = g + 2*v. Calculate the highest common factor of 171 and g.
19
Let b(t) = -6*t**3 + 57*t**2 - 42*t - 16. Let i be b(8). Calculate the highest common factor of 496 and i.
16
Suppose 35*f + 4*f = -429. Let m be 3/(f/(660/(-18))). Calculate the highest common factor of m and 155.
5
Let g(h) = 6*h**2 - 3*h + 1. Let l be g(2). Suppose 4*q + 3*t - 10*t = 1058, -5*t = -q + 297. Calculate the highest common divisor of l and q.
19
Suppose 158*x - 470 = 716 - 80. What is the greatest common divisor of 59 and x?
1
Let t be 21/(-7) + 2 + 1. Suppose 3*u - 27 + 3 = t. Let b(x) = -2*x**3 + x**2 + 9*x - 5. Let l be b(2). What is the greatest common divisor of l and u?
1
Let o(k) = 3*k**2 + 21*k - 48. Let a = -40 - -28. Let s be o(a). What is the greatest common divisor of 220 and s?
44
Let n(d) = -107*d + 3322. Let t be n(28). What is the greatest common divisor of 1467 and t?
163
Suppose -5*y = -3*h + 5252, 4820 + 390 = 3*h + y. What is the greatest common factor of h and 407?
37
Suppose 796 = 5*k - y, -y - 168 = -k - 3*y. Suppose 0 = -6*w + 4*w + k. Suppose 2*q = 4*o - 72, 8 = 3*q - 4. What is the greatest common factor of o and w?
20
Suppose 387*t - 8300 = 337*t. Let w be 734/3 - (-4)/(-6). Let l = w - t. What is the greatest common divisor of l and 52?
26
Let p = -2 + 4. Suppose 0 = 647*g - 643*g - z - 29, 2*z + 23 = 3*g. Suppose -p*q = -10, -q - 61 = -g*a + 4*a. What is the highest common factor of 242 and a?
22
Let m be 1 + (2/2 + 3 - -25). Suppose s + 120 = 4*g, -g + 5*s + m = 2*s. Calculate the highest common divisor of g and 190.
10
Suppose -51 = -5*m - 1. Suppose 299 + 161 = h. Suppose 4*z = 5*v + h, -z + 5*v - v = -126. What is the greatest common factor of z and m?
10
Let a(s) = -5*s**2 - 11*s - 9. Let p be a(-9). Let y = -265 - p. Let z = -23 + 63. What is the greatest common factor of z and y?
10
Suppose -4*s = 3*s + 15*s. Suppose s = 12*g + 41*g - 265. What is the greatest common divisor of 25 and g?
5
Let c = -102 + 106. Let o be c/(-6) + 352/24. Suppose 2*u + 4*y - 137 = -9, 0 = -5*u - 2*y + 288. Calculate the greatest common divisor of o and u.
14
Suppose -4*j + 586 = -194. Suppose 208*q - 7779 = 333. Calculate the highest common factor of q and j.
39
Suppose 0 = 119*f + 177*f - 11840. What is the highest common divisor of 3560 and f?
40
Let v = 2100 - 952. Calculate the highest common divisor of 56 and v.
28
Let h(p) = -53*p + 6*p + 16*p + 6*p - 34 - 55*p**2 + 2*p**3. Let l be h(28). Calculate the greatest common factor of 25 and l.
25
Let v = -111 + 136. Suppose -8*q + v + 95 = 0. What is the greatest common factor of 510 and q?
15
Suppose 0 = 2*s + s, -6 = -3*p - s. Let j = 602 + -598. Suppose 0 = 2*a - 5*a - p*y + 44, 3*a - 34 = -j*y. What is the greatest common factor of 198 and a?
18
Let q(a) = 16*a**2 + 78*a - 2738. Let v be q(39). What is the greatest common divisor of v and 22?
22
Let a = 88 + -76. Suppose 3*j + 37 = 5*o, 6*o - o = -j + 21. Suppose 2*k - 3*b - 20 - 88 = 0, -4*k - o*b = -172. What is the highest common factor of k and a?
12
Let b be 1642/8 - 141/(-188). Suppose -6*s + b = -934. Calculate the greatest common factor of s and 10.
10
Suppose -249453 = 60*v - 864393. What is the greatest common factor of 111 and v?
37
Let v = 19452 - 19396. Let o be 2795/20 + 2/8. What is the highest common divisor of o and v?
28
Let i = -20956 - -20960. Calculate the greatest common factor of 1028 and i.
4
Let x be (6 - 64/20)/((-2)/40). Let u = -52 - x. Suppose -5*k + 4 = 3*z, -2*z + 4*k = -u*z. Calculate the greatest common divisor of 24 and z.
8
Let u(f) = f**3 + 7*f**2 + f + 15. Let c be 448/(-96)*(10/4 - 1). Let p be u(c). What is the greatest common divisor of p and 100?
4
Let h be 1*17 - (-1)/1. Let j be 60/45 + 28/6. Suppose -j*l - 27 = -9*l. Calculate the greatest common divisor of l and h.
9
Suppose -v = 3*w - 109, -175 = -4*w - v - 30. Let d(o) = 20*o + 47. Let i be d(0). Suppose -44*n = -i*n + 162. What is the highest common divisor of w and n?
18
Suppose 2*i + 13*i - 7*i - 96 = 0. Calculate the highest common divisor of 332 and i.
4
Suppose 8*u - 34891 = -11*u - 4*u. What is the greatest common divisor of u and 37?
37
Suppose 464*f - 176265 = 98423. Calculate the greatest common divisor of 925 and f.
37
Suppose 0 = c + 17 + 31. Let t = -46 - c. Suppose 4*j - 3*j + 12 = t*p, -3*p = 4*j - 29. What is the greatest common factor of p and 28?
7
Suppose -39*x + 25642 - 5362 = 0. What is the greatest common factor of x and 144?
8
Let r be ((-12)/5 - 0)*-5*-5. Let z be (-4)/(-34) + (-84250)/850. Let p = r - z. Calculate the greatest common divisor of p and 3.
3
Let j be (-30)/(-75) - (-49966)/35. Calculate the greatest common divisor of 168 and j.
84
Let g(n) = 1027*n + 5092. Let d be g(-2). What is the greatest common factor of 806 and d?
62
Suppose 57370 + 60566 = 16*a. Calculate the greatest common factor of a and 546.
273
Let p be (-36*(-6 + 11))/(6/(-4)). Let b = 132 - p. Suppose 0 = 2*r + 10, r = 3*c + 3 - 20. Calculate the highest common factor of c and b.
4
Let g be 18/(-7)*((-120)/18 + 2). Suppose 11*w - g = 164. Let u = w - 11. Calculate the greatest common divisor of 10 and u.
5
Let l(p) = 11*p + 12. Suppose a + 3*q + 1 = 0, 3*q - 40 = 5*a - 17. Let k be l(a). Let z be (0 - 3 - k) + 1. Calculate the highest common factor of 10 and z.
10
Suppose 0 = 8*y + 5521 + 1367. Let w = 1347 + y. What is the greatest common factor of 18 and w?
18
Let y = 57 + -54. Suppose 6*a = -z + 9*a + 65, y*a + 15 = 0. Let o(b) = 2*b + 8. Let t be o(6). What is the greatest common factor of t and z?
10
Let l be (-6)/12 + (3/(-6) - -2). Let j(b) = 3*b**3 - 4*b**2 - 4*b + 5. Let h be j(2). What is the greatest common divisor of l and h?
1
Let x be (-3 - -43) + (2 - 3). Suppose o - 322 = -2*z, 2*o - 2*z - 551 - 63 = 0. What is the greatest common divisor of o and x?
39
Let d be (2508/(-304))/((-5)/20 + 1/5). Calculate the greatest common divisor of d and 649.
11
Let h be 6/(-60)*5 + (-698)/(-4). Suppose -9*t = -228 + h. Calculate the greatest common divisor of t and 138.
6
Let o = -1371 - -1390. Calculate the highest common factor of o and 1710.
19
Let a be (-8)/((1*(-7)/42)/(143/26)). Suppose 3*t + q + q = 28, 5*t - 35 = -q. What is the highest common factor of t and a?
6
Let t(s) = s - 8 + 5 - 2*s. Let v be t(-9). Suppose 0 = 16*d + 139 - 171. What is the highest common factor of v and d?
2
Let d = -5244 - -5703. Calculate the highest common factor of 85 and d.
17
Let q = 4220 - 3895. Calculate the greatest common divisor of q and 75.
25
Let n = -1875 + 1961. Calculate the greatest common divisor of n and 12986.
86
Let v = -125 + 105. Suppose -2*p + 140 = 2*p. Let g = v + p. What is the greatest common divisor of 15 and g?
15
Suppose -3 - 290 = -p + q, -q + 887 = 3*p. Let b be (p/20 + -5)*12. Calculate the greatest common divisor of b and 156.
39
Let f be (8 + 10 - 20) + 5. What is the highest common factor of 1467 and f?
3
Let y(a) = -79*a**3 - 22*a**2 - 52*a + 10. Let g be y(-3). What is the highest common factor of g and 1?
1
Let n(a) = -140*a - 4252. Let y be n(-37). What is the highest common divisor of 3 and y?
1
Let p be (-12)/78 + -12 + (-21470)/(-130). What is the highest common factor of p and 697?
17
Let x be 8/(13 - (0 - -11)). What is the highest common factor of 68 and x?
4
Let b = 26 - -59. Let y(t) = -41*t - 48. Let j be y(-2). What is the greatest common divisor of j and b?
17
Let y be (-1)/((-1)/3*1). Let b(m) = 9*m**3 - 10*m**2 + 20*m - 8. Let s be b(4). Let v = -473 + s. What is the greatest common divisor of y and v?
3
Let h(k) = 2*k - 44. Let p be h(22). Suppose p = 3*f - 41 - 85. Let u be (3/(-6))/((-3)/(-6)) - -19. What is the highest common factor of u and f?
6
Suppose -5828 = -n + 9*g - 4*g, 5*n - 29160 = 5*g. What is the highest common factor of n and 57?
19
Suppose 12*n - 3*n = 4554. Let y = -152 - -143. Let i be (196/12)/((-3)/y) - 3. What is the greatest common factor of n and i?
46
Let h be (0 + 70/(-3) + -3)/(24/(-1728)). Calculate the greatest common factor of 168 and h.
24
Suppose -94*s + 2090 = -15*s - 122. Calculate the greatest common divisor of s and 826.
14
Le